alse
Is 712 a factor of 1220707651?
False
Does 54 divide 14201017?
False
Does 255 divide 135471589?
False
Is 5377834 a multiple of 7?
True
Does 1345 divide 77828425?
True
Is 950697752 a multiple of 3323?
False
Is 1091144431 a multiple of 16?
False
Is 2577975416 a multiple of 563?
False
Is 1137 a factor of 24691564?
False
Does 2317 divide 78835925?
True
Is 74 a factor of 11616076?
True
Is 579179703 a multiple of 20?
False
Is 5666904 a multiple of 6?
True
Is 1308849948 a multiple of 3126?
True
Does 584 divide 58806540?
False
Is 184 a factor of 280705390?
False
Is 1477928544 a multiple of 249?
True
Is 623982991 a multiple of 5?
False
Is 20 a factor of 6258772?
False
Does 250 divide 126688750?
True
Does 9 divide 2034349299?
True
Is 329 a factor of 9820979?
True
Is 89 a factor of 4404273862?
False
Does 107 divide 4317625?
False
Does 27 divide 268842050?
False
Does 22 divide 1447524?
False
Does 410 divide 6608762?
False
Does 33 divide 16785252?
True
Does 42 divide 135077071?
False
Is 260 a factor of 78318500?
True
Does 146 divide 19202212?
True
Is 46477365 a multiple of 165?
True
Is 37 a factor of 748568127?
True
Does 5536 divide 1081878336?
True
Is 211924839 a multiple of 70?
False
Is 3578418162 a multiple of 1026?
True
Is 5 a factor of 199128863?
False
Does 668 divide 425104768?
False
Is 694928891 a multiple of 4312?
False
Is 12 a factor of 537489551?
False
Is 12 a factor of 26280590?
False
Is 87 a factor of 11459031?
True
Is 853105120 a multiple of 63?
False
Does 13 divide 315975062?
True
Does 42 divide 127230968?
False
Is 1755 a factor of 73450260?
True
Is 275283669 a multiple of 4022?
False
Does 14 divide 9824752?
True
Does 128 divide 338126848?
True
Does 73 divide 1393443491?
True
Does 33 divide 9095112?
False
Is 1032 a factor of 306738936?
False
Does 270 divide 56425140?
True
Is 3343611 a multiple of 430?
False
Is 824 a factor of 2247055416?
True
Is 253 a factor of 1490010270?
False
Is 34059664 a multiple of 47?
False
Does 6 divide 535597329?
False
Is 18976063 a multiple of 89?
False
Is 12 a factor of 3340696764?
True
Is 499508828 a multiple of 52?
True
Is 193 a factor of 1135611530?
False
Is 8073655 a multiple of 945?
False
Is 17 a factor of 2998673017?
False
Does 13 divide 81039062?
True
Is 42 a factor of 232387344?
True
Is 366815248 a multiple of 1423?
True
Is 33108475 a multiple of 46?
False
Is 2 a factor of 764585?
False
Does 823 divide 1475937422?
False
Is 8722437 a multiple of 418?
False
Is 30 a factor of 68431470?
True
Is 132039180 a multiple of 234?
True
Does 5398 divide 188720898?
False
Is 64 a factor of 9981808?
False
Does 17 divide 19172787?
True
Does 697 divide 1545710430?
False
Does 248 divide 44085224?
True
Does 3253 divide 48173677?
True
Does 146 divide 316062990?
True
Is 1926988999 a multiple of 5353?
True
Is 48 a factor of 1095909877?
False
Is 70 a factor of 172140187?
False
Does 330 divide 1079404920?
True
Is 8620437 a multiple of 923?
False
Is 289 a factor of 221019686?
True
Is 1953 a factor of 684465957?
True
Is 187767854 a multiple of 33?
False
Is 5056036008 a multiple of 201?
True
Does 26 divide 216668712?
True
Is 207 a factor of 10407356?
False
Is 4064 a factor of 74663808?
True
Is 44798442 a multiple of 1135?
False
Is 40 a factor of 322123480?
True
Is 1979116088 a multiple of 316?
False
Does 55 divide 197381085?
True
Is 132 a factor of 137023374?
False
Is 5689 a factor of 423935011?
False
Does 209 divide 163878572?
True
Is 254 a factor of 257868420?
True
Does 90 divide 187402962?
False
Is 12186117 a multiple of 94?
False
Is 75942608 a multiple of 26?
False
Is 46 a factor of 93770862?
True
Is 430860 a multiple of 33?
False
Is 330340992 a multiple of 4766?
True
Is 63493632 a multiple of 54?
True
Is 162 a factor of 611182422?
True
Is 40008868 a multiple of 66?
False
Is 1056 a factor of 1373204448?
True
Is 107367552 a multiple of 376?
True
Is 916699052 a multiple of 11?
False
Is 53 a factor of 3168279?
False
Does 33 divide 245454?
True
Is 18 a factor of 384104978?
False
Is 221 a factor of 19630161?
False
Is 191 a factor of 16582047?
True
Is 268497312 a multiple of 1738?
False
Is 53 a factor of 168435749?
True
Is 8578482 a multiple of 41?
False
Is 90 a factor of 194825160?
True
Is 219857925 a multiple of 31?
False
Is 20009808 a multiple of 378?
True
Is 64746748 a multiple of 23?
True
Is 7059 a factor of 2201596215?
True
Is 158 a factor of 8804708?
True
Is 1903 a factor of 1371132433?
True
Is 20 a factor of 168434603?
False
Is 4722 a factor of 143159573?
False
Does 153 divide 681108761?
False
Is 27 a factor of 67673771?
False
Is 1328 a factor of 122283657?
False
Is 9001379 a multiple of 127?
True
Is 1229420600 a multiple of 1336?
True
Is 8 a factor of 19191368?
True
Is 1348878290 a multiple of 1910?
True
Is 10 a factor of 1517030?
True
Does 17 divide 86179494?
True
Does 167 divide 30525262?
True
Is 5 a factor of 1061234?
False
Is 460411512 a multiple of 1434?
True
Is 6397 a factor of 1486748663?
False
Is 145 a factor of 42170156?
False
Is 33 a factor of 51150693?
True
Is 183 a factor of 43051333?
False
Is 8 a factor of 921491744?
True
Does 2129 divide 163783970?
True
Is 68710848 a multiple of 192?
True
Does 430 divide 2060762960?
True
Does 444 divide 68301494?
False
Is 496839705 a multiple of 10?
False
Does 20 divide 235280560?
True
Is 24 a factor of 908016?
True
Is 61 a factor of 142559704?
False
Is 1863569709 a multiple of 163?
True
Is 3967 a factor of 1193158439?
False
Does 23 divide 67337632?
False
Does 100 divide 3046503?
False
Is 15103541 a multiple of 30?
False
Is 79964283 a multiple of 7?
True
Is 13 a factor of 1228363412?
False
Is 506 a factor of 108685258?
True
Is 770720588 a multiple of 11?
True
Does 854 divide 6516020?
True
Is 44 a factor of 87758484?
True
Is 1096183 a multiple of 11?
True
Is 9 a factor of 105723657?
True
Is 217041543 a multiple of 993?
False
Is 255997846 a multiple of 1586?
True
Is 13 a factor of 11079587?
False
Is 11175740 a multiple of 24?
False
Does 271 divide 1500467987?
False
Is 4 a factor of 1689409?
False
Does 178 divide 7552563?
False
Is 609 a factor of 6407898?
True
Does 206 divide 391671974?
False
Does 406 divide 37621178?
True
Does 13 divide 16849703?
True
Does 2473 divide 519248533?
False
Does 16 divide 50964768?
True
Is 16638029 a multiple of 1340?
False
Is 200 a factor of 152402621?
False
Is 40 a factor of 47584440?
True
Is 6258708 a multiple of 423?
True
Is 700169936 a multiple of 3436?
False
Does 155 divide 161645160?
True
Is 39824730 a multiple of 66?
True
Does 13 divide 1375155990?
True
Is 9 a factor of 53413952?
False
Is 10072908 a multiple of 51?
True
Is 782797 a multiple of 55?
False
Is 99958460 a multiple of 839?
True
Is 62 a factor of 244160180?
False
Does 2134 divide 31107318?
True
Is 1124 a factor of 2126691?
False
Is 9315757 a multiple of 19?
True
Does 20 divide 95871756?
False
Does 21 divide 3820320606?
False
Is 117816216 a multiple of 376?
True
Is 38772918 a multiple of 164?
False
Is 318 a factor of 784726056?
True
Is 1883189040 a multiple of 97?
True
Is 465833220 a multiple of 76?
False
Is 132303412 a multiple of 334?
True
Is 290206370 a multiple of 967?
True
Does 9868 divide 1710155172?
False
Does 5 divide 4376055?
True
Is 163 a factor of 146236191?
False
Does 117 divide 17206371?
True
Does 2157 divide 185546762?
False
Is 40 a factor of 278726480?
True
Does 3047 divide 145275387?
False
Is 165 a factor of 25050135?
True
Is 358498599 a multiple of 3?
True
Is 26671320 a multiple of 39?
True
Is 77332817 a multiple of 5?
False
Does 2117 divide 32276455?
False
Does 18 divide 7460701707?
False
Is 36 a factor of 1474576559?
False
Is 3071 a factor of 1571118?
False
Is 8761972 a multiple of 3542?
False
Does 22 divide 72173574?
True
Is 94355940 a multiple of 84?
True
Is 106919641 a multiple of 6698?
False
Is 13 a factor of 2135207558?
False
Is 248304546 a multiple of 603?
True
Is 283612828 a multiple of 15?
False
Is 140729963 a multiple of 291?
False
Does 80 divide 1153345360?
True
Is 1072 a factor of 32390480?
True
Is 29 a factor of 37883338?
True
Does 2285 divide 5122970?
True
Is 63 a factor of 666619128?
True
Does 56 divide 33413978?
False
Is 8524292 a multiple of 28?
True
Is 20031760 a multiple of 7?
True
Is 1150350972 a multiple of 228?
True
Does 6 divide 370340228?